*10/(-8)*-2. Let i = b + 11. Calculate the highest common divisor of i and h.
1
Let k(v) = 5*v + 119. Let p be k(-21). What is the greatest common factor of 42 and p?
14
Suppose 0 = -2*k - 2*z + 36, 3*k - 4*z = k + 18. What is the highest common divisor of 24 and k?
3
Suppose 2*j + 272 = 5*p - 0*j, -p + 5*j = -59. What is the highest common divisor of 6 and p?
6
Let c be -31 - (4 - (11 + -3)). Let d = c - -47. Let u(w) = -w**2 - 13*w - 7. Let n be u(-12). What is the greatest common divisor of d and n?
5
Let i be 12/(-27) - 10340/(-423). Calculate the greatest common factor of 1176 and i.
24
Let k(q) = -q**2 + 13*q - 15. Let z be k(12). Let l be 5/(z + (-88)/(-28)). Calculate the greatest common factor of l and 7.
7
Suppose -246 = -2*u + 4*q - 86, -3*u = 2*q - 272. Let x be 132 + 0*(-3)/(-12). What is the highest common factor of u and x?
44
Let n(j) = -j**3 + 3*j**2 + j + 704. Let y be n(0). What is the greatest common factor of 66 and y?
22
Suppose 3*x - 10 = -43. Let s be 8436/66 + (-2)/x. Calculate the highest common factor of s and 16.
16
Suppose -5*i - 2*b = -2128 - 904, i - b - 612 = 0. Calculate the highest common divisor of 38 and i.
38
Let h be (-79)/(-3) + 2/(-6). Let t be 2926/(-12 + 23) + 20. What is the highest common divisor of h and t?
26
Let u(r) = 5*r + 17. Let i be u(13). Suppose -2*o + 3*g + i = 0, -8*g = 4*o - 4*g - 124. Calculate the highest common factor of o and 14.
7
Suppose -b - 4 = -5*b. Suppose -4*w + 3*z = 10, 93*w + z + 2 = 97*w. What is the greatest common factor of w and b?
1
Let b be 12/(-5 + (-77)/(-14)). What is the highest common divisor of 24 and b?
24
Suppose -89 = -3*a - 2*n + 149, -n = 4*a - 314. What is the greatest common divisor of a and 6?
6
Let y be 1 + (0 - -3) - (-546 + 11). Calculate the greatest common factor of 231 and y.
77
Suppose 4*a + 3*x - x = 1138, -2*x = -2*a + 578. Calculate the greatest common divisor of 33 and a.
11
Let d = -36 + 36. Suppose -3 = 2*i - 2*g - 31, 5*g = d. Calculate the greatest common divisor of 7 and i.
7
Let i(u) = 18 - 4 + 3*u + 6 + 0*u. Let m be i(-8). Let g be 78/m*4/(-3). Calculate the greatest common divisor of g and 13.
13
Let o(a) = 2362*a**2 - 3*a + 1. Let q be o(1). Calculate the greatest common divisor of 40 and q.
40
Let f(s) = -s**3 + s**2 - 2*s + 45. Let c be f(0). Calculate the greatest common factor of 75 and c.
15
Suppose -215 = 4*k - 9*k. Let r be -1 + (k - 1) - (2 + -6). Suppose 2*c - 38 = 2*l, -2*c + 6*l = 3*l - 39. Calculate the greatest common divisor of r and c.
9
Suppose 18*f + 4*v = 17*f + 22, -4*v + 16 = -2*f. Calculate the greatest common divisor of 20 and f.
2
Let n = 116 - 98. What is the greatest common factor of 99 and n?
9
Let s = -181 + 203. What is the greatest common divisor of 88 and s?
22
Let o be (-54)/(-90) + 5384/10. What is the greatest common factor of 22 and o?
11
Let l be 4/2 + -2 + 4. Suppose -l*s + 13 = -11. Let d be 9/s*20/15. Calculate the highest common factor of 18 and d.
2
Suppose 3*q - 82 = 5*x, 21 = -4*q - 4*x + 77. Let v be 4 - 3 - 278/2. Let p = 14 - v. What is the greatest common divisor of p and q?
19
Let h be 0/(-1)*10/20. Suppose 8*r - 3*r - 500 = h. Suppose 80 + 45 = 5*b. Calculate the greatest common divisor of b and r.
25
Suppose -30*q = -25*q + 5*x - 8480, 0 = -2*q - x + 3390. What is the highest common divisor of q and 77?
77
Let p be (4/7)/(92/39928). What is the highest common factor of 24 and p?
8
Suppose -m = -0*m - 3*a - 33, 0 = m - 5*a - 43. Suppose -m*r + 40 = -13*r. Calculate the highest common factor of r and 8.
8
Let b = 286 - 247. Suppose -7*k + 52 = -3*k. What is the highest common factor of k and b?
13
Suppose -26*y - 435 = -29*y - 5*w, 2*y = 3*w + 271. Calculate the greatest common factor of 28 and y.
28
Suppose 4*h = -d + 514, 2*h + 3*d - 268 = 8*d. What is the greatest common factor of 43 and h?
43
Suppose 0 = 3*o + 3*b - 96, -89*o = -94*o + 4*b + 196. Let y(p) = p**3 - 2*p. Let v be y(2). What is the greatest common factor of o and v?
4
Let o be 1/(-7) + (-29475)/(-525). Calculate the greatest common factor of o and 112.
56
Suppose 0 = 189*s - 244*s + 10890. Suppose 0 = 2*d + d - 66. Calculate the greatest common factor of d and s.
22
Suppose 16*g + 47 - 95 = 0. Let i be -2 + (83 - -1) + 2. Suppose 4*b - i = -0*b. What is the highest common factor of g and b?
3
Suppose 0 = -4*a + 5*r + 88, 4*r + 10 = -2*a + 80. Calculate the highest common factor of a and 288.
9
Suppose 3*a = -5*q + 134, 4*a - 144 - 48 = -4*q. Let k = a - 30. Let n be 3/(-1) + 1 + k. Calculate the highest common factor of n and 3.
3
Let v(j) = -9*j - 4. Suppose m + 0 = -2. Let q be v(m). What is the greatest common divisor of q and 56?
14
Let w(k) = 15*k. Let h be w(2). Let d = 70 - 106. Let f be (d/16 + 3)*8. Calculate the highest common divisor of f and h.
6
Let p(d) = d**2 + d - 13. Let b be p(3). Let j be b - (-17 + 2 + 5). What is the highest common divisor of j and 81?
9
Suppose -2*h - 72 = -2*j, 3*h - 144 = -j - 3*j. Suppose 0 = -2*l - 3*l - 45. Let n = l - -13. Calculate the greatest common factor of n and j.
4
Let p(z) = 9*z**2 + 11*z. Let j(t) = -t**3 + 10*t**2 - 10*t + 13. Let c be j(9). Let a be p(c). Calculate the greatest common divisor of 47 and a.
47
Let m be (-266)/(-6) - (-3)/(-9). Suppose -12*q + 35 = -144 + 47. What is the highest common divisor of m and q?
11
Suppose 5*f + 2*u + 44 = -2*u, -5*f = -4*u + 76. Let a = f + 22. Calculate the greatest common factor of a and 70.
10
Let i = -1041 + 1098. Calculate the greatest common factor of 95 and i.
19
Let d be (-5)/6 - (-31944)/144. What is the highest common divisor of 34 and d?
17
Let g = 327 + -93. Suppose 2 = -4*n - 2*b, 2*n = -0*n + 3*b + 19. Suppose -n*l - 34 = -86. What is the greatest common factor of g and l?
26
Let j be 30/(0 + 3/8). Suppose -3*v + 60 = -0. Calculate the highest common divisor of v and j.
20
Let k = 28 + -28. Suppose 4*n + 2*r - 4 = 26, -4*r + 12 = k. What is the greatest common factor of n and 15?
3
Let v(w) = -13*w**3 + 5*w**2 - 3*w - 7. Let p be v(-2). Calculate the highest common factor of p and 82.
41
Let f = 2387 + -525. What is the greatest common divisor of f and 76?
38
Let g be 2/2 - (-13 + 9). Let q(h) = 2*h - 10. Let k be q(g). Suppose a - 2 = 0, k = 3*b - 3*a + 23 - 170. Calculate the greatest common factor of b and 17.
17
Let s = -1556 - -1629. Calculate the highest common factor of 4 and s.
1
Suppose -m + 33 = i - 64, 0 = -5*m + 3*i + 493. Let t = 2392 - 2378. What is the highest common divisor of m and t?
14
Suppose 3*a = -5*v + 6*a - 627, -2*a = 5*v + 607. Let o be 2 - v/4 - 3/(-12). Calculate the highest common divisor of o and 66.
33
Let b be 3505/35 - 2/14. What is the greatest common factor of 120 and b?
20
Let j = -9 - -17. Let k(o) = -18*o + 95. Let f be k(5). Suppose -2*z - j = -2*v, -f*z + 1 = -3*v + 7. Calculate the highest common divisor of 35 and v.
7
Let h(l) = -l**2 + 18*l - 9. Let b be 214/14 + (-16)/56. Let y be h(b). What is the greatest common divisor of y and 3?
3
Let v be 324/(-45)*(-800)/30. Calculate the greatest common factor of v and 108.
12
Suppose -2*w - 6*w = -136. Suppose -3*q + 2*q = -w. What is the highest common divisor of q and 51?
17
Let f be 97 + -95 + 0 + 142. What is the greatest common divisor of 45 and f?
9
Suppose 80*r = 87*r - 3234. Calculate the greatest common divisor of 132 and r.
66
Let d be (-1 - -2)/(-2)*-10. Let s = -40 - -101. Suppose -v + s = 2*a, 444 = d*v + a + 130. Calculate the highest common divisor of v and 9.
9
Let p(l) = -l**3 + l**2 + 3*l + 1. Let m be p(-2). Let n be (-432)/(-63) - (-3 - -1)/14. Calculate the highest common divisor of m and n.
7
Let k(r) = -3*r. Let x be k(-3). Let j(d) = -44 + 22 - 5*d + 23. Let g be j(-7). What is the highest common factor of g and x?
9
Suppose -5*q + 2*b = -59, 2*q + 3*q + 3*b = 74. Suppose z - 9 = q. What is the greatest common factor of 198 and z?
22
Let l be (-4)/(-5)*(-975)/(-26). Suppose 33 = 4*c - 0*c - 3*t, -3*c - 2*t + 12 = 0. What is the highest common factor of c and l?
6
Let j(q) = q**2 - 6*q + 1. Let a be j(3). Let t be -1*(-4)/a*-14. Let r(m) = 20*m + 4. Let x be r(t). What is the greatest common factor of x and 16?
16
Let f = -149 + 31. Let n be ((-96)/15)/4*(3 + f). What is the highest common factor